q be 729 - (3 - (0 - -6)). Suppose 2*f + 252 = q. Let j = f + -144. What is the highest common factor of j and 12?
12
Let t be ((-44)/(-8))/(1/22). Let v = -41 + 52. Calculate the highest common factor of t and v.
11
Let q = -17 - 9. Let u = -9 - q. Calculate the highest common divisor of u and 136.
17
Let d be 6/2 + (-17)/(17/(-78)). Calculate the greatest common factor of 27 and d.
27
Suppose 3*c = -0*c + 585. Let v be (-2 + c/(-9))*-6. Suppose -4*z + v = -18. Calculate the highest common divisor of z and 10.
10
Let c(a) = 11*a**2 - 2*a**3 + a**3 + 3 - 2. Let i be c(11). Calculate the highest common divisor of i and 11.
1
Let v = -1 + 3. Suppose 7*r = v*r + 25. Let x(p) = p**3 - 6*p**2 + 5*p + 4. Let q be x(r). What is the greatest common factor of 16 and q?
4
Suppose 2*q - 16 = -2*q. Suppose 0*k - 106 = -q*k - 2*w, -37 = -k - 4*w. What is the greatest common divisor of 200 and k?
25
Let f = -3 + 7. Suppose f*b = -b + 40. Calculate the greatest common divisor of b and 8.
8
Let a = -35 - -50. What is the greatest common divisor of 135 and a?
15
Let g(w) be the second derivative of w**3/6 - 3*w**2/2 + 10*w. Let n be 3*1*10/6. Let v be g(n). Calculate the highest common divisor of v and 18.
2
Let m = -5 + 17. Suppose 4*p - 20 - m = 0. Calculate the greatest common divisor of p and 8.
8
Let q(f) = 2*f**2 - 8*f - 3. Let x be q(6). What is the greatest common divisor of x and 105?
21
Suppose 5*r + 4*u = 36, u - 2 = -r + 6. Suppose d - 86 = 4*q, 0 = r*d - 0*d + 5*q - 260. Calculate the greatest common divisor of d and 14.
14
Let z be 0 - (-98 - 3/(-1)). What is the greatest common factor of 19 and z?
19
Let r = -96 - -122. Calculate the greatest common factor of r and 26.
26
Let a = 250 + -129. What is the greatest common divisor of a and 11?
11
Let v = 53 + -35. Suppose -2*z - 10 = -2*i + z, i + 5*z - v = 0. Calculate the greatest common divisor of 24 and i.
8
Suppose 2*p + 0*j + 153 = 3*j, 247 = -3*p + j. Let v be p/(-9) + 1/(-3). Let a(w) = -w + 11. Let n be a(v). What is the highest common divisor of n and 8?
2
Suppose -4*n - 32 - 120 = 0. Let l be 6/24 + n/(-8). Suppose 0 = -2*x + s + 22 - 7, s - l = 0. What is the highest common divisor of x and 80?
10
Let g be -1*11*(-3)/3. What is the highest common divisor of 11 and g?
11
Suppose -7*d + 32 = -3*d. Suppose 0 = -y - 1, -4*s + s + 4*y + 10 = 0. Calculate the highest common divisor of s and d.
2
Let d be ((-2)/6)/((-2)/36). Calculate the highest common factor of d and 48.
6
Let a(p) = -4*p. Let f be a(1). Let s be (f + 5)*14/2. Calculate the highest common factor of s and 7.
7
Let u = 3 + -14. Let q = u - -17. Calculate the greatest common divisor of 6 and q.
6
Let j = -32 + 128. Suppose 9*k = 5*k + 48. What is the highest common divisor of j and k?
12
Let v = -6 - -12. Let k be -10*(9/v)/(-3). Calculate the highest common factor of k and 2.
1
Let r(u) = -u**3 - 5*u**2 + 5*u - 11. Let z be r(-6). Let g be 1*(-5)/(z/22). Calculate the greatest common divisor of g and 66.
22
Let p be 15/(-3)*(-4)/10. Suppose 0 = p*y - y - 14. Let w = -26 - -47. Calculate the highest common divisor of w and y.
7
Let i(f) = -22*f**2 + f + 1. Let u be i(-1). Let j = 34 - u. What is the greatest common factor of j and 14?
14
Suppose -20*d - 14 = -21*d. What is the highest common divisor of 14 and d?
14
Suppose 2*p = 2 - 50. Let d = p + 44. Calculate the greatest common factor of d and 20.
20
Let y(s) be the second derivative of 7/3*s**3 + s**2 + 2*s + 0. Let u be y(3). Calculate the greatest common factor of 11 and u.
11
Suppose -h = -m + 78, 2*h + 386 = 5*m + h. Let d(p) = -1 + 3*p + 1 + 2. Let y be d(3). What is the greatest common divisor of m and y?
11
Let f be 3*(-1)/((-2)/2). Let j = -8 - -10. Suppose 5*a + 20 = 3*n, f = -a + j. Calculate the highest common factor of n and 40.
5
Suppose 4*d + 5*h - 20 = 9, 4*d - 3*h + 11 = 0. Let u = 5 - d. Suppose -c = -5*n + u*c + 50, -5*n + 3*c = -42. Calculate the highest common divisor of n and 2.
2
Suppose 0*q - 14 = -2*q. Let j = -47 - -117. What is the highest common divisor of q and j?
7
Let w be 4/2*(-7)/(-2). Calculate the highest common divisor of 49 and w.
7
Let j be 2/10*(3 + 2) + 49. What is the highest common factor of 10 and j?
10
Suppose 0*b = b - 11. Calculate the greatest common divisor of b and 11.
11
Suppose 0*q - 10 = -2*q. Let u(x) = -x**2 - x + 20. Let p be u(0). What is the greatest common factor of q and p?
5
Suppose 2*f + m + 4 - 2 = 0, -5*m = -4*f - 32. Let r = f + 6. Let b(q) = -q**2 + 4*q + 3. Let x be b(4). What is the greatest common factor of x and r?
3
Suppose -8 = 6*b - 4*b - 3*h, 4 = 2*h. Let o be (-2 - b)*-2 - -1. Suppose -94 - 191 = -o*i. Calculate the greatest common factor of i and 19.
19
Let x = -22 - -24. What is the highest common factor of 2 and x?
2
Let f(d) = 7*d - 1. Let y be f(2). Let k = y - -2. What is the greatest common factor of 165 and k?
15
Let b be 4/18 - (-10)/(-45). Let w be b*2/((-8)/2). Suppose -2*t + 3*y + 16 = -t, t + 4*y - 9 = w. Calculate the highest common factor of t and 39.
13
Suppose -5*m - 4*x + 24 = -4, -4*m + 18 = x. What is the greatest common divisor of 16 and m?
4
Let m(u) = u**2 - 2*u - 6. Suppose 6*h + 5 = -3*c + 2*h, 0 = 4*c + 2*h. Suppose -9 = 2*t - c. Let v be m(t). What is the greatest common factor of v and 2?
2
Suppose -4*q = l - 16, 3*q + 2*l + 2*l = 25. What is the highest common factor of q and 3?
3
Let g(b) = b**3 + 9*b**2 + 6*b. Let r be g(-8). Let l = -1 - r. Let q = l + 32. Calculate the greatest common factor of 10 and q.
5
Suppose -4*f = -0*f - 96. What is the highest common divisor of f and 24?
24
Suppose 0 = m - 18 + 5. Let j(b) = 3*b**2 + 0*b**2 + 3*b**2 - 1 - 1. Let t be j(3). Calculate the greatest common factor of m and t.
13
Let s = -5 + 10. Suppose -s*z = -0*z - 100. What is the highest common factor of z and 60?
20
Let n = 40 + 0. What is the greatest common factor of n and 10?
10
Let k = 68 + -40. What is the highest common factor of 28 and k?
28
Let i = 21 + -20. What is the greatest common factor of i and 1?
1
Let m(t) = t**3 - 7*t**2 + 6*t - 1. Let q be m(6). Let b = q - -9. Calculate the greatest common factor of 8 and b.
8
Let w be (1 + 1 - 2) + 2. Suppose -w*v - 1 = -5. Suppose 50 = 2*c - 3*b, 0 = 5*c + 5*b - 54 - 46. What is the highest common divisor of c and v?
2
Suppose -4*v + 2 = 4*h - 18, 4*h = 4. Suppose 0 = -3*c + v + 2. Suppose c*p = 29 + 3. Calculate the greatest common divisor of 24 and p.
8
Suppose 35 = 5*x - 5. What is the highest common divisor of 2 and x?
2
Let b(h) = 2*h + 12. Let j be b(0). Let c be 4*(-2)/4 + j. Let a(d) = d + 2. Let u be a(8). What is the highest common divisor of u and c?
10
Let t be (-2 - (-51 + 3)) + -2. What is the highest common divisor of t and 11?
11
Suppose -6*v = -2*v + 8, -5*i - 2*v = -11. What is the greatest common factor of 27 and i?
3
Suppose 18 = -7*p + 10*p. What is the highest common divisor of p and 60?
6
Let x(r) = r + 3. Let s = -11 + 7. Let l be x(s). Let q be ((1 + -2)*40)/l. Calculate the greatest common factor of 16 and q.
8
Suppose 4*p = 2*a + 10, -4*p + 5*a + 1 = -0*p. Suppose -3*c + 2*g = -2*g - 54, -72 = -p*c - g. Calculate the highest common factor of 6 and c.
6
Let b(p) = -p**3 + 7*p**2 - 1. Let h be b(6). Let y = -10 + 24. Calculate the highest common factor of y and h.
7
Let v(b) = 0*b**3 - b + 4*b**2 + b**3 + 0 + 2. Let w be v(-4). Let p be 2 + (-27)/(w/(-2)). What is the highest common divisor of 11 and p?
11
Let b be 2547/36 - 6/8. What is the greatest common divisor of b and 35?
35
Let x be 21*1/(2/2). Suppose 6*w - 15 = 21. Suppose 4*t + 5*k - 64 = 0, 3*k + x = w*t - 3*t. Calculate the highest common factor of 11 and t.
11
Suppose 2*z + 18 = 4*y, y - 1 = -0*z - 3*z. What is the greatest common divisor of y and 36?
4
Let t(d) = -3*d + 15. Let m be t(3). What is the greatest common divisor of 9 and m?
3
Let q(b) = 4*b - 1. Let w be q(4). Suppose 0 = -2*g - g - w. Let m be (-2)/(((-10)/(-3))/g). What is the highest common divisor of 2 and m?
1
Suppose -5*w + 840 = w. What is the highest common divisor of 20 and w?
20
Let o be (-4)/(-14) + (-360)/(-14). Let f = -265 + 304. What is the greatest common factor of f and o?
13
Let b(n) = 2*n. Let r be b(6). Let i(y) = -2*y**2 - 4 + 2*y + 5*y**2 + 0. Let